
-23
What is 78 - (15 - 37) - 94?
6
((8 - (10 - -7)) + -4 - -11) + 61 + 52
111
What is 2 - (51 + -64 - -9)?
6
-26 + 8 + 4 + -2 - (-126 - -59)
51
Calculate 1157 + -1187 + 14 + 1.
-15
What is (-19 - (-2 - 17) - -11) + 1?
12
Evaluate 26 - 13 - (-8 - 0 - (2 + 24 - 16)).
31
Evaluate (38 - (-7 - -14)) + (-5 - (7 - 1)).
20
What is 85 + -165 - (-119 - 7)?
46
Calculate -3 - (-3 + -22 + 5 - (-18 + 3 + 7)).
9
Calculate (2 - -1) + (-6 - (2 - 2)) - (-20 + 47).
-30
Evaluate 130 - ((308 - 164) + 39).
-53
What is -26 - (-5 - 39) - (-15 - 2)?
35
What is the value of (-417 - -390 - (9 - 1)) + -7 + -9?
-51
What is -90 - (13 + 5) - -60?
-48
What is -33 - (14 + -17 + 10 + -23)?
-17
What is the value of (24 + -6 - (-86 - -19)) + -27?
58
-37 - -1 - ((4 - 1) + 15 + -15 - 12)
-27
What is (50 - (83 - 26)) + (1 - (-74 - -6))?
62
-5 + 63 - (-42 - (-21 + -7) - (-23 - 0))
49
Evaluate (52 - (-51 + 23)) + -121.
-41
-194 - -128 - -48 - 24
-42
What is the value of -39 + (-4 - (22 - 46) - 37)?
-56
Evaluate 51 + -4 + (93 - 122).
18
Evaluate 18 - ((51 - 82) + 38).
11
Evaluate 101 - (100 - (-33 - -94)).
62
Calculate -14 + 17 - -13 - (-10 + -4) - (-7 + -1).
38
18 + (30 - ((2 - -3) + (-271 - -264)))
50
Calculate -1525 - -1536 - (-6 - (-1 - -3)).
19
Calculate (-3 + -13 - 1) + -10 - -17 - (3 + -148).
135
(1 - (2 + -2)) + -54 + 10 - (3090 + -3090)
-43
9 - (-12 - ((-16 - -4) + 10)) - -7
26
11 + (-11 - 0 - (-103 - -82)) + -7
14
What is the value of -20 - (146 - 27) - -207?
68
Calculate (5 - (-5 - -16)) + 5 + -13 + (13 - 8).
-9
Evaluate -61 - -34 - (-72 + 43).
2
What is the value of -218 + (-13 - (111 - 267))?
-75
What is the value of (-4 - (-2 + -7)) + 15 + -12 + -149?
-141
Evaluate (-1 - 19) + 3 + 0 + (-36 + 1 - -33).
-19
Calculate (17 - (-2 + 1)) + -11 - 19.
-12
What is the value of (-16 - 2 - (9 + 52 + -69)) + 90?
80
What is -29 + -1 + -367 + (452 - 23)?
32
18 - (-19 + 36 + (-19 - -2))
18
What is 39 - (126 - (105 - 68))?
-50
Evaluate -39 + -2 + -26 + -7 + 35 + 3.
-36
(6948 - 6825) + 2 + -80
45
What is the value of 47 - (36 + (55 - 38))?
-6
-86 - ((-146 - -18) + 54)
-12
What is the value of -12 + (5 - 0 - (772 - 785))?
6
Calculate (-7 + 11 - 9) + -8 + -2 + -11.
-26
What is (21 - (53 - 32)) + (0 - -5 - (-5 + 31))?
-21
(4 - (-18 + 7)) + -10 + 8 + -5
8
What is the value of -162 + 28 + 114 + -30?
-50
Evaluate -2 - (1 + -3 + (107 - 33) + -14).
-60
Evaluate -6 + (-14 - 16) + 11 + -15 + 2.
-38
What is the value of 42 + (1 - 40) + -20 + -108?
-125
Evaluate -19 + (-424 + 413 - (-20 - 1)).
-9
What is -13 + -17 + (-6 - 6 - -9 - -3)?
-30
What is the value of 1 - -84 - (-3877 + 3926)?
36
Evaluate 326 + -320 - ((7 - 5) + 2 + 0).
2
What is -44 + -32 + (39 - 9)?
-46
-121 + (-9 - -14 - 19) - (-26 - -6)
-115
(-5 - (11 + -4 - 2) - -24) + -116
-102
What is the value of 101 + (-89 - 3) + 55?
64
Calculate -6 + -1 + 6 + -3 - (-53 + 1 + 1).
47
What is (215 - (13 - -124)) + 24?
102
What is the value of -46 + -2 + 0 - (-7794 - -7805)?
-59
Evaluate 0 + 2 + -73 - (-45 - (-17 + -63 - -32)).
-74
Evaluate -14 - 0 - (-80 + (-26 - (-8 + -14)) + -26).
96
Evaluate -42 - (-32 + -24 + 45 + (0 + 0 - -7)).
-38
Calculate -82 - (63 + -64) - -52.
-29
43 + -172 + 71 + (20 - 9)
-47
What is the value of -19 + 2 - (17 - 79) - (9 - -2)?
34
Calculate -69 + (-80 - -154) - 68.
-63
48 + -7 + (-36 - -19) - -105
129
-2 - (-3 - -8) - (-10 - (-12 - -7))
-2
36 - -10 - -6 - -12
64
-35 + 44 + (-46 - -15)
-22
-82 - (9 + -18) - (772 - 762)
-83
Calculate -70 + (-2 - -23 - (-87 - -75)).
-37
Calculate (-27 - 45 - -27 - (0 - 9)) + -3.
-39
Evaluate 72 + (-11 - 125) + 24.
-40
What is 79 + -25 + 18 - 111?
-39
What is the value of 2 - (2 + (-16 - 0 - (-10 - -5)))?
11
Evaluate (58 - 0 - (-7 + (-4 - -3))) + -10 + 12.
68
Evaluate -8 + (-28 - (11 + -31 + -1)).
-15
Evaluate (-2 - -16) + 257 + -254.
17
What is 993 - 972 - (-9 + -3 + 3 + 0)?
30
What is (-1 + -9 - ((-8 - -2 - -7) + 33)) + 11?
-33
Evaluate 8 + 2 + 2 - (141 + -42 - 122).
35
What is the value of -8 + -1 + (1 - 17 - ((51 - -9) + -46))?
-39
What is the value of (21 - 2) + -48 + -3 + -183 + 171?
-44
What is the value of (23 + -12 + -15 - (-8 + -1)) + -41?
-36
-29 - (38 - -6 - (-8 + 29))
-52
8 + -33 + 0 + -3 + (761 - 779)
-46
60 - (-21 - -32 - -13)
36
Calculate 74 - (163 - (39 + 81)).
31
What is the value of (5 - -3 - 38 - (-11 + -5)) + 40?
26
Calculate (116 - 89) + (-5 - -27).
49
What is the value of -44 - (13 + (13 + (-23 - (-6 + 3)) - -7))?
-57
Calculate (3729 - 3881) + (92 - 1).
-61
(95 - 3) + -46 + -22
24
What is the value of -19 + (-3 + 8 + 11 - 46)?
-49
What is the value of 10 + -1 - (1 - 0) - 8 - -65 - -3?
68
Evaluate -322 + 321 + 15 + 4 + -6.
12
Calculate 1 + -42 + 29 - (-1 + 5 + 11 + 96).
-123
Calculate 2 - 69 - (22 - (28 + 0)).
-61
-4 + -2 + 25 + 16 + 17
52
What is the value of (-17 - (-22 + 9)) + -17 + 13 + -16?
-24
What is (3 - (9 + -12 + 10) - 67) + -10 + 3?
-78
What is 79 - (-34 - -1 - (-314 - -285))?
83
What is the value of -27 - ((15 - 22) + 21 + 1 + -4)?
-38
Calculate -100 + (105 - 86) + 152.
71
Calculate (2 + 12 - (148 + -146)) + 37.
49
Calculate -30 + 10 + (-39 - -11) + 68.
20
What is the value of 65 + 30 + -108 - -32?
19
Evaluate 17 - 31 - (-64 + -39 + 23).
66
What is 0 - -18 - (-60 + 15) - 23?
40
What is the value of -5 - 30 - (50 + (-47 - -8))?
-46
What is -10 + (-40 - -40) + -39?
-49
-15 - (2 + -1 + -16 + 30) - 7
-37
What is the value of 16 + (37 - 17 - -11) + (0 - (1 - -2))?
44
What is -1 + -18 - ((-55 - -113) + -73) - (69 + -1)?
-72
(74 - 3) + (-9 - (-4 - -2 - -6 - 22))
80
7 + 54 + 4 + -6 - (-8 - 5 - -7)
65
What is the value of (11 - (-11 + 38) - 4) + 128 + -18?
90
What is -11 + (-12 - -24 - -9) - 31?
-21
Evaluate 94 + (121 + -76 - 122).
17
What is -12 + 4 + 16 + -14 + -6 + 7?
-5
Evaluate 13 - 4 - (2 + -1 + (11 - (-12 - 14))).
-29
What is the value of 11 - (59 - ((-13 - -2) + 16 + -27 + 21))?
-49
What is the value of -22 + 1 + -168 + 153 + (166 - 18)?
112
What is -42 + (57 + -32 + -24 - (-11 - -4))?
-34
What is 42 + -37 - (-3 - (36 - 8))?
36
What is the value of 2 + 67 + 2 + (-52 - (-77 + 36))?
60
Calculate 5 + -14 + (-3 - -24 - 7) + -5 + 58.
58
What is the value of 9 + -29 + 22 + -3 - (0 - -45)?
-46
Evaluate 16 - (-78 + 11 - -23 - -42).
18
What is 7 + 46 + -6 - 38?
9
78 + (-6 - -2) - 115
-41
Calculate (5 - (3 - 6)) + (-42 - -92).
58
Calculate -38 + 4 + -480 + 528.
14
Calculate -10 + 54 + -15 + 8 - 17.
20
Calculate 13 + 38 - (161 + -188).
78
(6 - 1 - 116) + (-83 - (-43 - 37))
-114
What is 45 - ((-39 + 23 - -41) + -17) - 24?
13
(-6 - 5 - (3 - (14 + 1))) + 9
10
Evaluate (1 + 9 - -2) + -2170 + 2106.
-52
Calculate 19 - (64 - 19) - (1 + 2 + 0 - -2).
-31
What is -59 - (7 - 5) - (1868 + -1844)?
-85
0 - 2 - 52 - (-55 + -60 + 130 - 3)
-66
Evaluate -10 - (-152 + 134) - (0 - 62).
70
Evaluate 66 + -99 + (6 - 17).
-44
Calculate (-1 - 5 - (0 + 47 + (-135 - -125))) + 7.
-36
Evaluate -12 - (-3 - (30 - (-2 + -9))).
32
Evaluate (-206 - -135) + 36 - (1 + 0).
-36
-11 + 14 + 16 + -12 + -22
-15
What is the value of (4 + 2 - -1) + 38 + 0 + -13?
32
Evaluate -50 - -27 - -51 - 67.
-39
(-3 + -4 - -43) + -217 + 219
38
What is -2 + -6 + -15 + (-11 - -31 - 5) + 7?
-1
15 + 0 - (39 + (-7 - (12 + -22)))
-27
Calculate 85 - (451 + -155 + -142).
-69
-9 + (9 - (11 - 23 - 9))
21
What is the value of 2 + 20 + -14 + 4 + 35?
47
2 + 12 - (3 + -44)
55
Calculate -1 + -1 - (6 + -5) - ((-157 - -276) + -118).
-4
What is the value of 16 + -4 + 34 + -31?
15
Evaluate (-6 - (20 + -1 + -2)) + 72.
49
(-12 - (-25 - -22 - 20) - (-1 + -41)) + 8
61
Calculate -7 + (-6 - (23 - 70)) + -24.
10
What is -69 - (-66 - (93 - 48))?
42
What is the value of (-9 - 7 - (6 + -6)) + 12?
-4
-6 + -11 + -21 + 29 + 7
-2
Evaluate (-31 - (-6 + -7 - 5)) + 24.
11
Evaluate -9 + 2 - (2 + -12) - 5 - 3.
-5
What is the value of -334 + 344 + (-5 + -2 + 3 - (127 + -1))?
-120
Calculate 1 - -62 - ((-48 - -137) + -80).
54
Calculate -2 - -28 - (-38 + 97).
-33
What is the value of (-1 - 2 - (-10 - -12)) + 39 + -37 + -63?
-66
What is the value of -26 + (17 - -6) - ((-1 - 5) + 30)?
-27
What is the value of (17 - (5 + 16)) + (-18 - -19)?
-3
20 + 0 + (380 + -170 - 196)
34
Calculate 49 + -14 + 12 + -44.
3
Evaluate 0 - (5 + -10) - (-9 + 41 + -25).
-2
Evaluate -29 - (-20 - (-3 + (8 - (29 - 12)))).
-21
What is 75 + -3 + -82 + (-2 - -67)?
55
Evaluate (71 + 1 - (4 + -17 